What is (-10 - (13 + -21 + -6)) + 9?
13
What is the value of 8 + -5 + -12 + (7 - (5 + -3))?
-4
What is the value of -1 + -14 + 17 - 12?
-10
14 + -18 - ((-2 - 1) + (-6 - 0))
5
What is the value of 2 + -20 + -21 + 4?
-35
Calculate 4 + (7 - (27 - 20)).
4
What is the value of (31 - 27) + (31 - -2 - (7 + -1))?
31
What is 29 + (-38 - 37 - -27)?
-19
Evaluate -22 - ((-32 - -13) + 10).
-13
-23 + (-3 - (11 - 19))
-18
Evaluate 28 + -4 + (-7 - (10 + -6)).
13
(7 - 0) + -25 + (4 - -43)
29
Evaluate 9 + (-9 - -3) + -10 - (0 + -2).
-5
What is the value of -3 - -3 - (4 - (-6 - -14) - 5)?
9
0 + 2 + (0 - (-6 - (13 + -6)))
15
(1 - -6) + (-39 - -18) + 17
3
Evaluate 5 - -1 - (-385 + 379).
12
11 - ((-7 - -9) + (4 - 0))
5
260 + -283 + (-1 + 4 - 1)
-21
10 + -7 + (0 - -8)
11
Calculate 2 - (-3 + -7 + (18 - 10)).
4
Calculate 7 - (29 + -3 - 4).
-15
Calculate -7 + (16 + -31 - -16).
-6
Evaluate -23 + -6 + 14 - (4 + 0).
-19
(31 - 12 - 12) + 1
8
What is 2 - (21 + -45) - (2 + 0 - -3)?
21
-10 - (-1 + -10 + 7 + -7 - 28)
29
(-3 - (-23 + -5)) + -13
12
Calculate (24 - (0 + 4 + -3)) + -7.
16
92 + -64 + (-6 + -14 - -4)
12
Evaluate (6 + -22 - -6) + -9.
-19
Evaluate -27 + (-3 - ((-4 - (12 - 10)) + -5)).
-19
What is (1 - (3 + -3 - (1 + 1))) + -4?
-1
What is 2 + 5 + -8 + -11 + -1?
-13
-2 + 19 - (11 + -5 - -1)
10
What is (-551 - -550) + (-16 - (-1 - -2))?
-18
What is the value of -9 + 2 + (11 - 17)?
-13
12 + 3 + -30 + 31
16
Calculate 13 - (-18 + -5 + 41) - -33.
28
Calculate -5 - -3 - (20 - (22 + 29)).
29
6 - (13 - 13) - (2 + -3 + 0)
7
What is 4 - -4 - (-6 - 2) - 0?
16
Evaluate 9 - (-8 + 0 - (-4 + 1)).
14
What is the value of 0 + 4 + (-7 - 0) + 29 + -39?
-13
What is 9 + 5 + -10 + -11?
-7
Calculate 9 + (8 - 1 - -2) + (-34 - -29).
13
Calculate 0 + 2 + -10 - (-8 + -16 - -11).
5
What is (-119 - -130 - (1 + 18)) + (20 - 1)?
11
What is the value of 23 - (14 + -22 + 23) - (6 + -1)?
3
-19 + 14 + 1 - -11
7
Evaluate 3 + 1 + (-6 - (10 - 7)).
-5
What is the value of -21 + 1 - (-85 - -73) - (3 + -4)?
-7
15 + -26 + -16 + 28
1
What is 7 + (-6 - (-5 - (4 + -3) - -6))?
1
Evaluate 3 - (0 - 5) - (1 - 5 - -7).
5
What is (0 - (8 - 15 - 9) - 8) + 9?
17
What is (7 - 3) + (8 - 10) + 8?
10
Calculate 7 + 11 + -9 + -7 + (0 - 4).
-2
What is 9 + -5 + 6 + 0?
10
Calculate (-10 - (-6 - 0)) + 9 + (4 - 2).
7
16 - (9 - (-7 + 6)) - -7
13
Calculate 61 + -38 + 14 - (1 + 12).
24
What is -2 + -6 + 1 + -646 + 635?
-18
Evaluate 39 - 0 - 44 - 31.
-36
-15 + -8 + (16 - (-2 + 12))
-17
-29 + (-11 - (14 - 34) - (8 - 2))
-26
(1 - 1) + -10 - (-87 - -167 - 63)
-27
What is the value of 28 + (-8 - -26) + -47?
-1
What is 65 + (-56 - (-2 - 12))?
23
Evaluate 4 - 30 - (-14 + (11 - (-10 + 10))).
-23
Calculate -15 - (-13 - (17 - 11 - 18)).
-14
Calculate (7 - -11) + 4 - 6.
16
What is (-3 - 19) + (-27 - -22 - -15)?
-12
Calculate -11 + -26 - -20 - (0 + 0 + 1).
-18
-1 + 4 + (-533 + 518 - (-6 + 1))
-7
Evaluate 22 - (19 - 37 - -27).
13
What is 7 - ((-6 + -3 - -26) + -4)?
-6
What is the value of 4 - ((5 + 2 - 10) + (0 - 3))?
10
What is the value of -2 + 1 - (-67 + 81 + (3 - 22))?
4
What is -17 + 3 + 8 - (2 + -4 + 3)?
-7
Calculate -31 + -27 - 11 - -40.
-29
What is the value of 13 + (-7 - -17) + 10 + 7?
40
What is (2 - (13 + -13) - 10) + (7 - -2)?
1
What is the value of -8 - ((-4 - (-1 + 1)) + (4 - 12))?
4
Calculate (1 - -8) + (-22 - (17 - 7) - 13).
-36
Evaluate -1 - 6 - (-106 + 95).
4
Calculate 16 + 0 + (42 - (29 - -64)).
-35
What is the value of (14 - (-1 - -12)) + 8?
11
What is 61 - 52 - (-16 - -8 - -2)?
15
What is the value of 11 + (11 - 15) + 2 + -2?
7
(0 - -13) + (-17 - -15) + -4
7
What is the value of -1 + 24 + (36 - 42)?
17
What is the value of 8 - ((31 - 33) + (9 - 3))?
4
Calculate -5 + 6 + (12 - 9) + -4 + 1.
1
What is the value of (16 + -31 - -7) + (16 - -1) + -10?
-1
Calculate -7 + -14 + (28 - -1) - 0.
8
Evaluate 43 + (32 - 55) - 13.
7
Calculate 8 + 10 + 12 + (-46 - -10).
-6
What is the value of 24 - (37 - (15 + 9))?
11
Evaluate 28 - (-3 + 14 + -14 - -10).
21
Calculate 25 + -24 + (22 - 42).
-19
Evaluate (-14 - 2) + (-3 - -14 - 23 - -10).
-18
Calculate (5 + 26 - 8) + -12 - (-8 + -1).
20
Evaluate 45 + (23 - 1 - 37).
30
What is the value of 22 + (7 - 24) + (0 - (-2 - -1))?
6
Evaluate 19 + -33 - (-1 - 12) - (-5 + 0).
4
Evaluate (1 + (-5 - -5) - 1) + -2 - -3.
1
What is the value of 6 - -3 - (8 + (-12 - -7) + -4)?
10
Calculate -9 + (2 - 0) + -1 + (347 - 346).
-7
What is (-3 - (0 + -11 + 9)) + (-5 - -3)?
-3
What is the value of (10 - (0 - -2)) + -26 + (-4 - -2)?
-20
Evaluate 4 + 4 + -7 + 9 + 1.
11
Evaluate 8 - 15 - 1 - -42 - 12.
22
Evaluate 76 + -40 + (2 - -4) + -21 + 7.
28
28 - 10 - (-2 - -8) - -9
21
Evaluate -9 - (20 - 27 - 6).
4
Calculate -5 + -5 - -22 - (-3 - -13).
2
-11 - (-6 + (11 - (7 + 6)) - -19)
-22
What is -8 - (2 - 9 - (7 - 1))?
5
Calculate -3 - (-8 + (-10 - -6)) - (-1 - -13).
-3
What is the value of -6 - (15 + (10 - 22))?
-9
What is 17 - (-2 + (34 - 16)) - (1 + -12)?
12
Calculate -10 + -14 - -14 - -5.
-5
-2 + -1 - (22 - -4 - 16)
-13
What is -19 + (15 - (-10 - (-17 + 1)))?
-10
Calculate 2 - 11 - 2 - (2869 - 2876).
-4
Calculate 27 + -16 - 4 - (1 + 0).
6
What is the value of (-11 - 15) + 58 + -5 + 6?
33
-16 + (-41 - (-45 + 16))
-28
What is -129 - -116 - (2 + (0 - 5))?
-10
What is -56 + 19 + 11 + 49?
23
12 + -14 + 2 + 5
5
Evaluate 0 + (3 + (-1 - 4) - (-66 + 61)).
3
(63 - 38 - 51) + -3
-29
4 - (-1 - ((4 - (2 - 0)) + -1))
6
Calculate 23 - (-33 - (-26 - 34)).
-4
(1 - 6) + (-7 + 0 - -4) + 4
-4
What is the value of (-5 - 4) + (-2 - 2 - -7)?
-6
What is the value of -6 + 4 + -6 + 6?
-2
-3 - -3 - 0 - (8 - (1 - 5))
-12
What is the value of -33 + (-30 - -52) - (2 + -32)?
19
What is 0 + (0 + 0 + -1 - (-163 - -163))?
-1
Evaluate 6 - (-20 - -21 - -6).
-1
-73 + 90 + (-28 - -1) - (1 - 39)
28
What is -22 + 1 + -105 + 125?
-1
2 + 20 + -22 - 23
-23
Calculate (23 - 1) + (-13 + (-17 - -10) - -26).
28
Calculate 19 - (-2 - (-23 + 9)) - (8 + -1).
0
Evaluate 7 - (2 + -2 + -5 - (-526 + 489)).
-25
Calculate -667 + 678 + (-2 - 39).
-30
What is -9 + 31 + -2 - -4?
24
Evaluate 2 + 0 + -13 - (1267 - 1280).
2
Calculate (1 - 3) + 9 - 8 - (1 + -2).
0
What is (2 - (3 - 0)) + 1 + -85 + 67?
-18
What is the value of -7 - (-25 + (-8 - -14))?
12
Evaluate -2 + -1 + -4 + 4.
-3
What is the value of 9 - (17 - (34 + -10))?
16
Calculate -176 - -207 - (-2 + -5 + 6).
32
What is (-5 - (-3 + -6)) + -16 + 23?
11
Calculate 19 + 68 + -69 + (-11 - 1).
6
What is the value of 75 + -68 - ((-1 - 0) + -2)?
10
Calculate 10 - (-1 - (-12 - -17) - -2).
14
What is 1 - 14 - (-39 - -11)?
15
-11 + -1 + -10 + -7 + 13 + 5
-11
11 + (-2 - -4 - 9) - (-2 + 10)
-4
(-13 - 3) + 13 + 4
1
What is (-48 - (10 + -27 + 10)) + 16?
-25
What is the value of (-1 - (0 - (-4 - -1))) + -3?
-7
Evaluate -2 + 9 - 2 - (1 - -3) - 5.
-4
Evaluate (23 - 14) + -27 - -24.
6
What is -32 - 16 - -26 - -9?
-13
What is -10 + -23 + 14 + (24 - 3)?
2
What is the value of (-9 - -12) + (-19 - -28)?
12
Evaluate -5 + (6 - -16) + -1 + 15 + -13.
18
Calculate -58 + 72 - (18 + 1) - 3.
-8
What is the value of -4 + -21 + 9 + 29?
13
What is -12 - ((-11 - -19) + -14)?
-6
Evaluate (2 - (-6 + 0 - -10)) + 35 + -37.
-4
What is (35 - 7 - 11) + 5?
22
What is the value of -1 + (1 - 1) - (-66 + 62)?
3
-9 + -7 + 1 - -13
-2
-1 - (0 + -6 + 12)
-7
What is 3 + 2 - ((9 - 10) + 11)?
-5
(0 - -14) + 6 + -38 + 39
21
Evaluate (-58 - -24 - -47) + 11.
24
What is -9 + 2 + (-71 - -75)?
-3
0 + (2 - 4 - -5 - 5) + -3
-5
((2 - 2) + 0 - (66 + -58)) + 25
17
What is the value of (-26 - 8) + 8 + -3?
-29
What is the value of 2 - (8 - (-12 - -48))?
30
What is the value of 10 + 3 + -2 - 4 - (-3 - -7)?
3
Evaluate 8 - (4 - (92 + -102 + 10 + 1)).
5
What is 10 + -12 + 9 + -3 + 7 + -2?
9
Evaluate 9 + -20 + 19 + (-6 - 7).
-5
Calculate (-13 - -2) + (-16 - -37) + 6.
16
Calculate 28 + -5 + (1 - (-12 + 1)).
35
Evaluate -56 + -2 + (643 - 614).
-29
Calculate 31 + (0 - 17 - (64 + -74)).
24
What is the value of (-19 - 2) + 7 - 7?
-21
Calculate -6 - (44 - 37 - (-2 + 15)) - 18.
-18
What is 17 + -39 + 17 + -7?
-12
Evaluate -100 + 108 + (-7 - -1) - (0 + -6).
8
Calculate -2 - (2 - -2 - 0).
-6
What is the value of (-2 - 2) + (2 - 0) + 20 + 0?
18
Calculate 2 + -6 - (4 + -7 - (-12 + 4)).
-9
Calculate -219 + 224 + 8 + -1 + -6.
6
What is (7 - 2) + -8 + -6 + 6 + -1?
-4
What is -1 + 30 + -64 - -34?
-1
Evaluate 12 + 